 - o = -18 - 0, 2*o = u. Suppose -4*s - 3*g = -79, -7*s + 2*g + 72 = -u*s. What is the greatest common divisor of 11 and s?
11
Let t be (-5)/(-2)*(-12)/(-15). Let i be (-2)/t*(-28 + 1). Let r be (2 + 1 - 0) + i. What is the greatest common divisor of 20 and r?
10
Let y = -1216 + 1783. What is the highest common divisor of 162 and y?
81
Let g = -300 - -560. Suppose 0*n - 5*n = -g. Calculate the highest common factor of 13 and n.
13
Suppose p = 5*z + 44, -32 = 3*z + 2*p - 4*p. Let m = z + 37. What is the highest common divisor of 29 and m?
29
Let q be (-25)/(-30)*3 - (-165)/6. Calculate the greatest common factor of q and 130.
10
Let z be ((-423)/(-18))/(0 + (-1)/(-4)). Calculate the greatest common divisor of z and 235.
47
Let y = 111 - 37. What is the highest common divisor of 4 and y?
2
Let a be (-4)/6*3 - -57. Let j(t) = t - 10. Let d(g) = g**3 - 8*g**2 - 9*g + 15. Let m be d(9). Let i be j(m). What is the highest common factor of i and a?
5
Let s = -40 + 48. Suppose 135 - 39 = s*p. Calculate the highest common factor of 36 and p.
12
Let i = -11 - -23. Suppose 44*l = 32*l + 48. What is the highest common factor of l and i?
4
Let h = -44 - -73. Let i = h + -24. Let w = 126 - 81. What is the highest common divisor of i and w?
5
Let c = -875 - -883. What is the greatest common divisor of 240 and c?
8
Let f be ((-660)/15)/(0 - 1) - -7. Calculate the greatest common divisor of 816 and f.
51
Let u(v) = -v - 5. Let j be u(-5). Suppose j = -4*y + 7*y - 36. Let g be -6 - 16*(-18)/12. Calculate the greatest common divisor of g and y.
6
Suppose 42*z = 350 + 70. Calculate the highest common factor of z and 2.
2
Suppose 51 + 66 = 5*v + f, 0 = 3*v - 3*f - 81. What is the highest common divisor of v and 84?
12
Suppose -3*j = 4*s - 60, 4*j + 42 = 7*j - 2*s. Let q(w) = w**2 - 2*w. Let r be q(6). What is the highest common factor of r and j?
8
Let t be (-5)/(-10)*14*10. Let h = t + -54. What is the greatest common factor of h and 80?
16
Let d(l) = -3*l - 9. Let s be d(-6). Suppose 4*u + 0 = 24. Calculate the highest common divisor of s and u.
3
Suppose 3*j + 123 = 4*w, -4 = w + 4*j - 68. Suppose -y + 4 = -0*y. What is the greatest common divisor of y and w?
4
Let z(a) = 158*a**2 + 22*a + 2. Let r be z(-4). What is the greatest common factor of 132 and r?
66
Suppose -3*u + 4*g + 400 = u, -200 = -2*u - 2*g. Suppose u = v - 5*r, v + r - 4*r - 110 = 0. Calculate the highest common factor of 25 and v.
25
Suppose f = -r + 2, -10*r + 3*f = -11*r. Calculate the highest common factor of r and 7.
1
Let q(m) = m + 5. Let c be q(-3). Suppose -h + c = -5. Let p(b) = b**3 - 7*b**2 + b - 6. Let o be p(h). What is the greatest common factor of o and 3?
1
Let z be 102 + 8 + (-16)/8. Calculate the highest common divisor of 36 and z.
36
Let s = 53 - -4. Calculate the highest common divisor of 76 and s.
19
Let f be (-1 - 4)*(3456/(-10) + 3). Suppose 12*h - 4653 = -f. What is the greatest common factor of h and 35?
35
Suppose -7*k + 16 = -3*k. Suppose -12 = 4*o, -p = 5*o - 0*o - 126. Suppose p = 7*b + 29. What is the greatest common divisor of b and k?
4
Let n be (-7)/(14/(-220))*1. Let u(h) = -h**3 + 6*h**2 + 2*h - 8. Let p be u(6). Suppose -p*o + 34 = -6. What is the highest common divisor of n and o?
10
Let b be 64/112 + (-4259)/(-7). Calculate the highest common factor of 21 and b.
21
Let n be -53*(1 - -11)/(-6). Calculate the greatest common factor of 371 and n.
53
Let d(a) = a**2 - 4*a + 7. Let h be d(2). Let s be 1 + 21 - (-4)/(4/h). Calculate the highest common factor of 25 and s.
25
Let c(j) = 2*j**2 + 16*j + 1. Suppose -5*h = 3*l - 1, 5*h - 13 - 20 = l. Let s be c(l). Calculate the highest common factor of s and 9.
1
Let d be (-5 - -8)*(-12)/(-2). Suppose 2*j + 57 = 5*k - d, 0 = -2*j - 3*k - 115. Let i be 6/(-5)*j/3. Calculate the highest common divisor of i and 30.
10
Suppose 10*p - 342 = 7*p - 2*i, 0 = 4*p - 4*i - 436. Calculate the greatest common factor of 42 and p.
14
Suppose 0 = -2*m - 6 + 28. Let x(w) = 3*w + 15. Let g be x(m). What is the highest common factor of g and 12?
12
Suppose 0 = 3*v - 3*a + 2*a - 16, 8 = 4*v + 2*a. Let m(d) = -4*d - 20. Let s be m(-16). What is the highest common factor of s and v?
4
Suppose -g + 312 = 2*q, -g + 197 = -5*q - 101. Calculate the highest common divisor of g and 28.
28
Let k be ((-8)/40 - (-24)/(-5))*1. Let g be k/(-2)*152/10. Calculate the greatest common divisor of 152 and g.
38
Let i = -42 + 105. Let a be (10/(-3))/(3/(-9)). Let d = -3 + a. Calculate the highest common factor of d and i.
7
Suppose 15*o + 24*o + 313 = 2068. Let h(b) = 4*b + 2. Let k be h(4). Calculate the greatest common factor of k and o.
9
Let t(i) = -16*i - 6. Let y be t(-9). Suppose 3*f - y = -18. Suppose 12*w - f = 8*w. Calculate the highest common divisor of 50 and w.
10
Let o(j) = -2*j**2 + 18*j + 18. Let y be o(13). Let d = -79 - y. Let f(b) = -b + 8. Let c be f(7). What is the greatest common divisor of d and c?
1
Let g(l) = -l**3 + 12*l**2 - 3*l + 12. Let p be g(6). What is the highest common factor of p and 30?
30
Let r be (-7 + 6 - -50)*(0 + 1). Suppose 5*m = 3*f + 109 + 17, -4*m = 4*f - 120. Suppose 0 = 3*k + 6 - m. What is the greatest common divisor of k and r?
7
Let a = -3 - 1. Let f be a*(5/10 - 1). Calculate the highest common factor of 6 and f.
2
Suppose 5*m - 384 = 4*y + 88, 3*y = -4*m + 390. Calculate the greatest common divisor of m and 528.
48
Let r = -1581 - -1589. What is the highest common divisor of r and 296?
8
Let z be ((-10)/3)/((-2)/51). Suppose o - 23 = -k, -z = -5*o + 4*k + k. Let u be ((-56)/(-49))/((-1)/(-7)). Calculate the greatest common factor of o and u.
4
Let x = 334 + -326. What is the greatest common factor of x and 536?
8
Suppose -2*b = 5*a - 22, -b + 6 = b - 3*a. Let u = 122 + -108. Let c be (-4 - u)*7/(-3). Calculate the greatest common factor of b and c.
6
Let n be -18 + 1 - 5/5. Let f = 23 + n. Calculate the greatest common divisor of f and 5.
5
Let c(r) = 2*r**3 + 42*r**2 - 5*r - 30. Let t be c(-21). What is the greatest common factor of 3 and t?
3
Suppose -2*t - 20 = -3*d, 4*t + 7 = -9. Suppose 0 = d*o + 8*n - 4*n + 560, -3 = -n. Let v = o + 255. Calculate the greatest common divisor of v and 16.
16
Suppose -2*z = 3*z - 45. Suppose 4*j = z*j. Let q = j + 11. Calculate the greatest common factor of q and 55.
11
Suppose -4*z + 50 + 70 = 0. Suppose i - 4 = -0. Suppose 5*b + 195 = 4*t, -i*t + 5*t - 2*b = 51. What is the greatest common factor of z and t?
15
Suppose 7 = -4*y - 21. Let s(u) = u + 7. Let f be s(y). Suppose -w = -f*w - 104. Calculate the highest common factor of 26 and w.
26
Let k be 125 + 5 + -1 - 0. What is the highest common factor of k and 430?
43
Let k(b) = b**2 + 7*b - 3. Suppose g = -4*g - 40. Let y be k(g). Calculate the highest common factor of 35 and y.
5
Let b(p) = -3*p - 11. Let q be b(-17). Let r = 41 - q. Calculate the highest common factor of 8 and r.
1
Let j = -51 - -128. Let p = 140 - j. Suppose 4*c - 5 - 23 = 0. Calculate the highest common divisor of c and p.
7
Suppose -4 = y - 2*z, y - 6*y = 3*z - 32. Let u be 3 - (y/18 + (-200)/90). What is the greatest common factor of u and 65?
5
Let x = -252 + 273. What is the highest common factor of x and 7?
7
Let r be 1/3 - (-72)/(-54). Let f be -4 + (r - (-3 - 0)) + 17. Calculate the highest common divisor of 165 and f.
15
Suppose 4*a - 5*a - 3 = 0, -a = 5*b - 107. Calculate the greatest common factor of b and 110.
22
Let d(l) be the second derivative of l**3/2 - 13*l**2/2 + 25*l. Let r be d(9). What is the greatest common factor of r and 35?
7
Let a(n) = n + 117. Let d be a(-28). What is the highest common divisor of 1691 and d?
89
Let y(k) be the first derivative of k**4/4 + 2*k**3 - 13*k**2/2 - 6*k + 20. Let h be y(-6). Calculate the highest common factor of h and 9.
9
Suppose -2*g + 4*z + 8 = 3*z, 5*g + 2*z - 11 = 0. Let p(q) = -q + 61. Let x be p(-37). Let w be (-3 + x/6)*g. Calculate the highest common factor of 16 and w.
8
Let r = -1617 + 2950. What is the highest common factor of r and 31?
31
Let c(a) = 10*a - 3. Let s be c(3). Let f be (-2)/((-3)/(s/2)). What is the greatest common factor of 6 and f?
3
Suppose -3*o - 6 = 3. Let f be o/6*(-5 - 1). What is the greatest common divisor of f and 21?
3
Suppose s - 27 = 4*s. Let m